{"id":896,"date":"2013-08-25T08:49:23","date_gmt":"2013-08-25T08:49:23","guid":{"rendered":"http:\/\/www.amfm53.org\/?page_id=896"},"modified":"2013-08-25T09:25:41","modified_gmt":"2013-08-25T09:25:41","slug":"la-preparation-du-salon-2013","status":"publish","type":"page","link":"https:\/\/www.amfm53.org\/?page_id=896","title":{"rendered":"La pr\u00e9paration du salon 2013"},"content":{"rendered":"<p>Certains membres se sont donn\u00e9 rendez vous\u00a0le samedi 24 ao\u00fbt. Une journ\u00e9e menuiserie\u00a0est organis\u00e9e\u00a0afin de terminer les visuels \u00e0 poser sur les bords de route et autour de la salle pour les 14 et 15 septembre 2013.<\/p>\n<div class=\"flagallery phantom_skin\" id=\"FlaGallery_sc1_10\" ><style type=\"text\/css\" class=\"flagallery_skin_style_import\">#FlaGallery_sc1_10 .flagPhantom_ThumbContainer {width:200px; height:180px;}#FlaGallery_sc1_10 .flagPhantom_MobileView .flagPhantom_ThumbContainer {width:150px; height:135px;}#FlaGallery_sc1_10 .flagPhantom_Container {margin-left:auto;margin-right:auto;}#FlaGallery_sc1_10 .flagPhantom_ThumbContainer {margin:8px 0 0 8px;}#FlaGallery_sc1_10 .flagPhantom_ThumbContainer {padding:2px;}#FlaGallery_sc1_10 .flagPhantom_LabelBottom .flagPhantom_ThumbContainer {padding-bottom:36px;}#FlaGallery_sc1_10 .flagPhantom_ThumbContainer,#FlaGallery_sc1_10 .flagPhantom_LabelBottom .flagPhantom_ThumbLabel {background-color:#ffffff;}#FlaGallery_sc1_10 .flagPhantom_ThumbContainer .flagPhantom_Thumb {opacity:0.9;}#FlaGallery_sc1_10 .flagPhantom_ThumbContainer:hover .flagPhantom_Thumb {opacity:1;}#FlaGallery_sc1_10 .flagPhantom_ThumbContainer {border:1px solid #cccccc;}#FlaGallery_sc1_10 .flagPhantom_ThumbContainer {box-shadow:0 0 5px -2px #cccccc;}#FlaGallery_sc1_10 .flagPhantom_ThumbLabel {color:#0b0b0b;}#FlaGallery_sc1_10 .flagPhantom_ThumbLabel a {color:#3695E7;}#FlaGallery_sc1_10 .flagPhantom_LabelInside .flagPhantom_ThumbLabel,#FlaGallery_sc1_10 .flagPhantom_LabelHover .flagPhantom_ThumbLabel {color:#ffffff;}#FlaGallery_sc1_10 .flagPhantom_LabelInside .flagPhantom_ThumbLabel a,#FlaGallery_sc1_10 .flagPhantom_LabelHover .flagPhantom_ThumbLabel a,#FlaGallery_sc1_10 .flagPhantom_LabelInside .flagPhantom_ThumbLabel a:hover,#FlaGallery_sc1_10 .flagPhantom_LabelHover .flagPhantom_ThumbLabel a:hover {color:#e7e179;}<\/style> <div class=\"flagPhantom_Container noLightbox\" style=\"opacity:0\"> <h3>ATELIER MENUISERIE<\/h3> <div class=\"flagPhantom_thumbsWrapper flagPhantom_ThumbScale flagPhantom_LabelHover\"> <\/div> <\/div> <script type=\"text\/javascript\"> jQuery(function(){ var settings = {\"maxheight\":\"0\",\"thumbCols\":\"0\",\"thumbRows\":\"0\",\"thumbsNavigation\":\"scroll\",\"bgColor\":\"#035112\",\"bgAlpha\":\"0\",\"thumbWidth\":\"200\",\"thumbHeight\":\"180\",\"thumbWidthMobile\":\"150\",\"thumbHeightMobile\":\"135\",\"thumbsSpacing\":\"8\",\"thumbsVerticalPadding\":\"4\",\"thumbsHorizontalPadding\":\"4\",\"thumbsAlign\":\"center\",\"thumbScale\":\"1\",\"thumbBG\":\"#ffffff\",\"thumbAlpha\":\"90\",\"thumbAlphaHover\":\"100\",\"thumbBorderSize\":\"1\",\"thumbBorderColor\":\"#cccccc\",\"thumbPadding\":\"2\",\"thumbsInfo\":\"label\",\"labelOnHover\":\"1\",\"labelTextColor\":\"#ffffff\",\"labelLinkColor\":\"#e7e179\",\"label8TextColor\":\"#0b0b0b\",\"label8LinkColor\":\"#3695E7\",\"tooltipTextColor\":\"#0b0b0b\",\"tooltipBgColor\":\"#ffffff\",\"tooltipStrokeColor\":\"#000000\",\"lightboxControlsColor\":\"#ffffff\",\"lightboxTitleColor\":\"#f3f3f3\",\"lightboxTextColor\":\"#f3f3f3\",\"lightboxBGColor\":\"#0b0b0b\",\"lightboxBGAlpha\":\"80\",\"socialShareEnabled\":\"0\",\"deepLinks\":\"1\",\"sidebarBGColor\":\"#ffffff\",\"lightbox800HideArrows\":\"0\",\"viewsEnabled\":\"0\",\"likesEnabled\":\"0\",\"thumb2link\":\"0\",\"show_title\":\"1\",\"initRPdelay\":\"200\",\"key\":\"\",\"name\":\"\",\"mfp_css\":\"\\r\\n#mfp_gm_sc1_10 .mfp-arrow-right:after,\\r\\n#mfp_gm_sc1_10 .mfp-arrow-right .mfp-a {border-left-color:#ffffff;}\\r\\n#mfp_gm_sc1_10 .mfp-arrow-left:after,\\r\\n#mfp_gm_sc1_10 .mfp-arrow-left .mfp-a {border-right-color:#ffffff;}\\r\\n#mfp_gm_sc1_10 .mfp-close,\\r\\n#mfp_gm_sc1_10 .mfp-likes,\\r\\n#mfp_gm_sc1_10 .mfp-share {color:#ffffff;}\\r\\n#mfp_gm_sc1_10 .mfp-preloader {background-color:#ffffff;}\\r\\n#mfp_gm_sc1_10 .flagPhantom_title,\\r\\n#mfp_gm_sc1_10 .mfp-counter {color:#f3f3f3;}\\r\\n#mfp_gm_sc1_10 .flagPhantom_text {color:#f3f3f3;}\\r\\n#mfp_gm_sc1_10_bg.mfp-bg {background-color:#0b0b0b;}\\r\\n#mfp_gm_sc1_10_bg.mfp-bg {opacity:0.8;}\\r\\n#mfp_gm_sc1_10_bg.mfp-zoom-in.mfp-bg {opacity:0}\\r\\n#mfp_gm_sc1_10_bg.mfp-zoom-in.mfp-ready.mfp-bg {opacity:0.8;}\\r\\n#mfp_gm_sc1_10_bg.mfp-zoom-in.mfp-removing.mfp-bg {opacity:0}\"}; jQuery('#FlaGallery_sc1_10').flagPhantom([settings]); }); <\/script><\/div><noscript id=\"noscript_FlaGallery_sc1_10\"><\/noscript>\n","protected":false},"excerpt":{"rendered":"<p>Certains membres se sont donn\u00e9 rendez vous le samedi 24 ao\u00fbt. Une journ\u00e9e menuiserie est organis\u00e9e afin de terminer les visuels \u00e0 poser sur les bords de route et autour de la salle pour les 14 et 15 septembre 2013.<\/p>\n<p> #FlaGallery_sc2_10 .flagPhantom_ThumbContainer {width:200px; height:180px;}#FlaGallery_sc2_10 .flagPhantom_MobileView .flagPhantom_ThumbContainer {width:150px; height:135px;}#FlaGallery_sc2_10 .flagPhantom_Container {margin-left:auto;margin-right:auto;}#FlaGallery_sc2_10 .flagPhantom_ThumbContainer {margin:8px 0 0 8px;}#FlaGallery_sc2_10 .flagPhantom_ThumbContainer {padding:2px;}#FlaGallery_sc2_10 .flagPhantom_LabelBottom .flagPhantom_ThumbContainer {padding-bottom:36px;}#FlaGallery_sc2_10 .flagPhantom_ThumbContainer,#FlaGallery_sc2_10 .flagPhantom_LabelBottom .flagPhantom_ThumbLabel {background-color:#ffffff;}#FlaGallery_sc2_10 .flagPhantom_ThumbContainer .flagPhantom_Thumb {opacity:0.9;}#FlaGallery_sc2_10 .flagPhantom_ThumbContainer:hover .flagPhantom_Thumb {opacity:1;}#FlaGallery_sc2_10 .flagPhantom_ThumbContainer {border:1px solid #cccccc;}#FlaGallery_sc2_10 .flagPhantom_ThumbContainer {box-shadow:0 0 5px -2px #cccccc;}#FlaGallery_sc2_10 .flagPhantom_ThumbLabel {color:#0b0b0b;}#FlaGallery_sc2_10 .flagPhantom_ThumbLabel a {color:#3695E7;}#FlaGallery_sc2_10 .flagPhantom_LabelInside .flagPhantom_ThumbLabel,#FlaGallery_sc2_10 .flagPhantom_LabelHover .flagPhantom_ThumbLabel {color:#ffffff;}#FlaGallery_sc2_10 .flagPhantom_LabelInside .flagPhantom_ThumbLabel a,#FlaGallery_sc2_10 .flagPhantom_LabelHover .flagPhantom_ThumbLabel a,#FlaGallery_sc2_10 .flagPhantom_LabelInside .flagPhantom_ThumbLabel a:hover,#FlaGallery_sc2_10 .flagPhantom_LabelHover .flagPhantom_ThumbLabel a:hover {color:#e7e179;}  ATELIER MENUISERIE     jQuery(function(){ var settings = {\u00ab\u00a0maxheight\u00a0\u00bb:\u00a0\u00bb0&Prime;,\u00a0\u00bbthumbCols\u00a0\u00bb:\u00a0\u00bb0&Prime;,\u00a0\u00bbthumbRows\u00a0\u00bb:\u00a0\u00bb0&Prime;,\u00a0\u00bbthumbsNavigation\u00a0\u00bb:\u00a0\u00bbscroll\u00a0\u00bb,\u00a0\u00bbbgColor\u00a0\u00bb:\u00a0\u00bb#035112&Prime;,\u00a0\u00bbbgAlpha\u00a0\u00bb:\u00a0\u00bb0&Prime;,\u00a0\u00bbthumbWidth\u00a0\u00bb:\u00a0\u00bb200&Prime;,\u00a0\u00bbthumbHeight\u00a0\u00bb:\u00a0\u00bb180&Prime;,\u00a0\u00bbthumbWidthMobile\u00a0\u00bb:\u00a0\u00bb150&Prime;,\u00a0\u00bbthumbHeightMobile\u00a0\u00bb:\u00a0\u00bb135&Prime;,\u00a0\u00bbthumbsSpacing\u00a0\u00bb:\u00a0\u00bb8&Prime;,\u00a0\u00bbthumbsVerticalPadding\u00a0\u00bb:\u00a0\u00bb4&Prime;,\u00a0\u00bbthumbsHorizontalPadding\u00a0\u00bb:\u00a0\u00bb4&Prime;,\u00a0\u00bbthumbsAlign\u00a0\u00bb:\u00a0\u00bbcenter\u00a0\u00bb,\u00a0\u00bbthumbScale\u00a0\u00bb:\u00a0\u00bb1&Prime;,\u00a0\u00bbthumbBG\u00a0\u00bb:\u00a0\u00bb#ffffff\u00a0\u00bb,\u00a0\u00bbthumbAlpha\u00a0\u00bb:\u00a0\u00bb90&Prime;,\u00a0\u00bbthumbAlphaHover\u00a0\u00bb:\u00a0\u00bb100&Prime;,\u00a0\u00bbthumbBorderSize\u00a0\u00bb:\u00a0\u00bb1&Prime;,\u00a0\u00bbthumbBorderColor\u00a0\u00bb:\u00a0\u00bb#cccccc\u00a0\u00bb,\u00a0\u00bbthumbPadding\u00a0\u00bb:\u00a0\u00bb2&Prime;,\u00a0\u00bbthumbsInfo\u00a0\u00bb:\u00a0\u00bblabel\u00a0\u00bb,\u00a0\u00bblabelOnHover\u00a0\u00bb:\u00a0\u00bb1&Prime;,\u00a0\u00bblabelTextColor\u00a0\u00bb:\u00a0\u00bb#ffffff\u00a0\u00bb,\u00a0\u00bblabelLinkColor\u00a0\u00bb:\u00a0\u00bb#e7e179&Prime;,\u00a0\u00bblabel8TextColor\u00a0\u00bb:\u00a0\u00bb#0b0b0b\u00a0\u00bb,\u00a0\u00bblabel8LinkColor\u00a0\u00bb:\u00a0\u00bb#3695E7&Prime;,\u00a0\u00bbtooltipTextColor\u00a0\u00bb:\u00a0\u00bb#0b0b0b\u00a0\u00bb,\u00a0\u00bbtooltipBgColor\u00a0\u00bb:\u00a0\u00bb#ffffff\u00a0\u00bb,\u00a0\u00bbtooltipStrokeColor\u00a0\u00bb:\u00a0\u00bb#000000&Prime;,\u00a0\u00bblightboxControlsColor\u00a0\u00bb:\u00a0\u00bb#ffffff\u00a0\u00bb,\u00a0\u00bblightboxTitleColor\u00a0\u00bb:\u00a0\u00bb#f3f3f3&Prime;,\u00a0\u00bblightboxTextColor\u00a0\u00bb:\u00a0\u00bb#f3f3f3&Prime;,\u00a0\u00bblightboxBGColor\u00a0\u00bb:\u00a0\u00bb#0b0b0b\u00a0\u00bb,\u00a0\u00bblightboxBGAlpha\u00a0\u00bb:\u00a0\u00bb80&Prime;,\u00a0\u00bbsocialShareEnabled\u00a0\u00bb:\u00a0\u00bb0&Prime;,\u00a0\u00bbdeepLinks\u00a0\u00bb:\u00a0\u00bb1&Prime;,\u00a0\u00bbsidebarBGColor\u00a0\u00bb:\u00a0\u00bb#ffffff\u00a0\u00bb,\u00a0\u00bblightbox800HideArrows\u00a0\u00bb:\u00a0\u00bb0&Prime;,\u00a0\u00bbviewsEnabled\u00a0\u00bb:\u00a0\u00bb0&Prime;,\u00a0\u00bblikesEnabled\u00a0\u00bb:\u00a0\u00bb0&Prime;,\u00a0\u00bbthumb2link\u00a0\u00bb:\u00a0\u00bb0&Prime;,\u00a0\u00bbshow_title\u00a0\u00bb:\u00a0\u00bb1&Prime;,\u00a0\u00bbinitRPdelay\u00a0\u00bb:\u00a0\u00bb200&Prime;,\u00a0\u00bbkey\u00a0\u00bb:\u00a0\u00bb\u00a0\u00bb,\u00a0\u00bbname\u00a0\u00bb:\u00a0\u00bb\u00a0\u00bb,\u00a0\u00bbmfp_css\u00a0\u00bb:\u00a0\u00bb\\r\\n#mfp_gm_sc2_10 .mfp-arrow-right:after,\\r\\n#mfp_gm_sc2_10 .mfp-arrow-right .mfp-a {border-left-color:#ffffff;}\\r\\n#mfp_gm_sc2_10 .mfp-arrow-left:after,\\r\\n#mfp_gm_sc2_10 .mfp-arrow-left .mfp-a {border-right-color:#ffffff;}\\r\\n#mfp_gm_sc2_10 .mfp-close,\\r\\n#mfp_gm_sc2_10 .mfp-likes,\\r\\n#mfp_gm_sc2_10 .mfp-share {color:#ffffff;}\\r\\n#mfp_gm_sc2_10 .mfp-preloader {background-color:#ffffff;}\\r\\n#mfp_gm_sc2_10 .flagPhantom_title,\\r\\n#mfp_gm_sc2_10 .mfp-counter {color:#f3f3f3;}\\r\\n#mfp_gm_sc2_10 .flagPhantom_text {color:#f3f3f3;}\\r\\n#mfp_gm_sc2_10_bg.mfp-bg {background-color:#0b0b0b;}\\r\\n#mfp_gm_sc2_10_bg.mfp-bg {opacity:0.8;}\\r\\n#mfp_gm_sc2_10_bg.mfp-zoom-in.mfp-bg {opacity:0}\\r\\n#mfp_gm_sc2_10_bg.mfp-zoom-in.mfp-ready.mfp-bg {opacity:0.8;}\\r\\n#mfp_gm_sc2_10_bg.mfp-zoom-in.mfp-removing.mfp-bg {opacity:0}\u00a0\u00bb}; jQuery(&lsquo;#FlaGallery_sc2_10&rsquo;).flagPhantom([settings]); }); <\/p>\n","protected":false},"author":3,"featured_media":0,"parent":721,"menu_order":1,"comment_status":"closed","ping_status":"closed","template":"","meta":{"footnotes":""},"class_list":["post-896","page","type-page","status-publish","hentry","odd"],"_links":{"self":[{"href":"https:\/\/www.amfm53.org\/index.php?rest_route=\/wp\/v2\/pages\/896","targetHints":{"allow":["GET"]}}],"collection":[{"href":"https:\/\/www.amfm53.org\/index.php?rest_route=\/wp\/v2\/pages"}],"about":[{"href":"https:\/\/www.amfm53.org\/index.php?rest_route=\/wp\/v2\/types\/page"}],"author":[{"embeddable":true,"href":"https:\/\/www.amfm53.org\/index.php?rest_route=\/wp\/v2\/users\/3"}],"replies":[{"embeddable":true,"href":"https:\/\/www.amfm53.org\/index.php?rest_route=%2Fwp%2Fv2%2Fcomments&post=896"}],"version-history":[{"count":9,"href":"https:\/\/www.amfm53.org\/index.php?rest_route=\/wp\/v2\/pages\/896\/revisions"}],"predecessor-version":[{"id":906,"href":"https:\/\/www.amfm53.org\/index.php?rest_route=\/wp\/v2\/pages\/896\/revisions\/906"}],"up":[{"embeddable":true,"href":"https:\/\/www.amfm53.org\/index.php?rest_route=\/wp\/v2\/pages\/721"}],"wp:attachment":[{"href":"https:\/\/www.amfm53.org\/index.php?rest_route=%2Fwp%2Fv2%2Fmedia&parent=896"}],"curies":[{"name":"wp","href":"https:\/\/api.w.org\/{rel}","templated":true}]}}