{"id":721,"date":"2013-02-24T20:10:07","date_gmt":"2013-02-24T20:10:07","guid":{"rendered":"http:\/\/www.amfm53.org\/?page_id=721"},"modified":"2026-03-11T20:19:53","modified_gmt":"2026-03-11T20:19:53","slug":"salon-du-train-miniature-2013-2","status":"publish","type":"page","link":"https:\/\/www.amfm53.org\/?page_id=721","title":{"rendered":"Salon du Train miniature 2013"},"content":{"rendered":"<h1 align=\"center\"><\/h1>\n<p>Apr\u00e8s le succ\u00e8s du salon \u00ab&nbsp;Laval f\u00eate le Train&nbsp;\u00bb en 2011, L\u2019Association des Mod\u00e9listes Ferroviaires de la Mayenne (AMFM) a organis\u00e9, pour la 2\u00e9me \u00e9dition, le Salon du Train<\/p>\n<p>M<span style=\"line-height: 1.5em;\">iniature 2013.<\/span><\/p>\n<p><img loading=\"lazy\" decoding=\"async\" class=\"alignright\" src=\"http:\/\/www.amfm53.org\/wp-content\/uploads\/2010\/06\/Affiche-Salon-2013-A41-723x1024.jpg\" alt=\"Affiche-Salon-2013-A41\" width=\"188\" height=\"266\"><\/p>\n<p>Cette manifestation, l\u2019une des plus grandes de l\u2019Ouest, s&rsquo;est tenue \u00e0 la salle polyvalente, place de Herc\u00e9 \u00e0 Laval, les samedi 14 et dimanche 15 septembre 2013.<\/p>\n<h2>&nbsp; &nbsp; &nbsp; &nbsp; &nbsp; &nbsp; &nbsp; &nbsp; &nbsp; &nbsp; &nbsp; &nbsp; &nbsp;<a title=\"Des photos du salon du train miniature 2013\" href=\"http:\/\/www.amfm53.org\/?page_id=939\"><span style=\"color: #888888;\">Des images du salon<\/span><\/a><\/h2>\n<p><strong>&nbsp; &nbsp; &nbsp; &nbsp; &nbsp; &nbsp; &nbsp; &nbsp; &nbsp; &nbsp; &nbsp; &nbsp; &nbsp; &nbsp; &nbsp; &nbsp; &nbsp; &nbsp; &nbsp; &nbsp; &nbsp; &nbsp; &nbsp; &nbsp; &nbsp; &nbsp;<\/strong>Liste des exposants<\/p>\n<table width=\"527\" cellspacing=\"0\" cellpadding=\"0\" border=\"0\">\n<colgroup>\n<col width=\"25\">\n<col width=\"47\">\n<col width=\"217\">\n<col width=\"185\">\n<col width=\"53\"><\/colgroup>\n<tbody>\n<tr>\n<td width=\"25\" height=\"18\">N\u00b0<\/td>\n<td width=\"47\">Echelle<\/td>\n<td width=\"217\">Nom du stand<\/td>\n<td width=\"185\">Nom<\/td>\n<td width=\"53\">D\u00e9part.<\/td>\n<\/tr>\n<tr>\n<td height=\"18\"><\/td>\n<td><\/td>\n<td>Les exposants<\/td>\n<td><\/td>\n<td><\/td>\n<\/tr>\n<tr>\n<td height=\"18\" align=\"right\">1<\/td>\n<td>N<\/td>\n<td>Tramways Japonnais<\/td>\n<td>MKSB, Erwann Josset<\/td>\n<td>92<\/td>\n<\/tr>\n<tr>\n<td height=\"18\" align=\"right\">2<\/td>\n<td>N<\/td>\n<td>Viaduc de Besnault<\/td>\n<td>ATV 37<\/td>\n<td>37<\/td>\n<\/tr>\n<tr>\n<td height=\"18\" align=\"right\">3<\/td>\n<td>N<\/td>\n<td>Petite Gare francaise ann\u00e9es 50\/70<\/td>\n<td>CMFM<\/td>\n<td>72<\/td>\n<\/tr>\n<tr>\n<td height=\"18\" align=\"right\">4<\/td>\n<td>Nm<\/td>\n<td>Port Navalo<\/td>\n<td>Jean Cantaloube<\/td>\n<td>35<\/td>\n<\/tr>\n<tr>\n<td height=\"18\" align=\"right\">5<\/td>\n<td>Nm<\/td>\n<td>Laploec\u2019h<\/td>\n<td>Philippe Delperdange<\/td>\n<td>91<\/td>\n<\/tr>\n<tr>\n<td height=\"18\" align=\"right\">6<\/td>\n<td>N<\/td>\n<td>CIA coop\u00e9rative Industrielle Amicale<\/td>\n<td>Philippe Marc<\/td>\n<td>94<\/td>\n<\/tr>\n<tr>\n<td height=\"18\" align=\"right\">7<\/td>\n<td>H0<\/td>\n<td>Trains de travaux<\/td>\n<td>Christian Vall\u00e9e<\/td>\n<td>59<\/td>\n<\/tr>\n<tr>\n<td height=\"18\" align=\"right\">8<\/td>\n<td>H0<\/td>\n<td>La cit\u00e9 cheminot<span style=\"text-decoration: line-through;\">t<\/span>e de Damyville<\/td>\n<td>Daniel Cabane<\/td>\n<td>78<\/td>\n<\/tr>\n<tr>\n<td height=\"18\" align=\"right\">9<\/td>\n<td>H0<\/td>\n<td>Les Juniors du Rail<\/td>\n<td>Sections Juniors<\/td>\n<td>Ouest<\/td>\n<\/tr>\n<tr>\n<td height=\"18\" align=\"right\">10<\/td>\n<td>H0e<\/td>\n<td>Saint Lompt L\u00e9aoute<\/td>\n<td>Fr\u00e9d\u00e9ric Ferrand<\/td>\n<td>42<\/td>\n<\/tr>\n<tr>\n<td height=\"18\" align=\"right\">11<\/td>\n<td>H0<\/td>\n<td>R\u00e9seau sud du Massif Central<\/td>\n<td>Amicale des cr\u00e8ches<\/td>\n<td>85<\/td>\n<\/tr>\n<tr>\n<td height=\"18\" align=\"right\">12<\/td>\n<td>H0<\/td>\n<td>Louissac<\/td>\n<td>MRA<\/td>\n<td>17<\/td>\n<\/tr>\n<tr>\n<td height=\"18\" align=\"right\">13<\/td>\n<td>H0<\/td>\n<td>Modules 3000<\/td>\n<td>Littorail 76<\/td>\n<td>76<\/td>\n<\/tr>\n<tr>\n<td height=\"18\" align=\"right\">14<\/td>\n<td>HO<\/td>\n<td>D\u00e9p\u00f4t vapeur de Laval + EP c\u00e9r\u00e9alier<\/td>\n<td>AMFM<\/td>\n<td>53<\/td>\n<\/tr>\n<tr>\n<td height=\"18\" align=\"right\">15<\/td>\n<td>HO<\/td>\n<td>Cirque Pinder en province<\/td>\n<td>Nicolas Leli\u00e8vre<\/td>\n<td>53<\/td>\n<\/tr>\n<tr>\n<td height=\"18\" align=\"right\">16<\/td>\n<td>H0\/H0e<\/td>\n<td>St Cl\u00e9ment + le d\u00e9p\u00f4t Aunou<\/td>\n<td>Pierre Math\u00e9<\/td>\n<td>95<\/td>\n<\/tr>\n<tr>\n<td height=\"18\" align=\"right\">17<\/td>\n<td>H0<\/td>\n<td>PK149 + Coop Trinnet<\/td>\n<td>Antoine et Eric Limousin &amp; Co<\/td>\n<td>49<\/td>\n<\/tr>\n<tr>\n<td height=\"18\" align=\"right\">18<\/td>\n<td>H0m<\/td>\n<td>M\u00fcnster<\/td>\n<td>Jean-Pierre Muratore<\/td>\n<td>53<\/td>\n<\/tr>\n<tr>\n<td height=\"18\" align=\"right\">19<\/td>\n<td>H0m<\/td>\n<td>Varennes<\/td>\n<td>Michel Brusa-Pasqu\u00e9<\/td>\n<td>78<\/td>\n<\/tr>\n<tr>\n<td height=\"18\" align=\"right\">20<\/td>\n<td>H0<\/td>\n<td>Mary&rsquo;s Dock<\/td>\n<td>S\u00e9bastien Caniel<\/td>\n<td>76<\/td>\n<\/tr>\n<tr>\n<td height=\"18\" align=\"right\">21<\/td>\n<td>H0<\/td>\n<td>Les bords du lac du Bourget<\/td>\n<td>CMFA 73<\/td>\n<td>73<\/td>\n<\/tr>\n<tr>\n<td height=\"18\" align=\"right\">22<\/td>\n<td>H0<\/td>\n<td>Halte La No\u00e9 sur Erdre<\/td>\n<td>Olivier &amp; Ga\u00eblle Taniou<\/td>\n<td>53<\/td>\n<\/tr>\n<tr>\n<td height=\"18\" align=\"right\">23<\/td>\n<td>0e<\/td>\n<td>La Gare d&rsquo;Etel<\/td>\n<td>Eric Fresn\u00e9<\/td>\n<td>29<\/td>\n<\/tr>\n<tr>\n<td height=\"18\" align=\"right\">24<\/td>\n<td>0e<\/td>\n<td>La graniterie<\/td>\n<td>Michel Lecoursonnais<\/td>\n<td>35<\/td>\n<\/tr>\n<tr>\n<td height=\"18\" align=\"right\">25<\/td>\n<td>0<\/td>\n<td>Collection<\/td>\n<td>Alain Lesaux<\/td>\n<td>72<\/td>\n<\/tr>\n<tr>\n<td height=\"18\" align=\"right\">26<\/td>\n<td>0<\/td>\n<td>La Gare de G\u00e9nolhac<\/td>\n<td>Jean-michel Gerlat<\/td>\n<td>7<\/td>\n<\/tr>\n<tr>\n<td height=\"18\" align=\"right\">27<\/td>\n<td>N<\/td>\n<td>La Gare de Canfranc<\/td>\n<td>A.L.A.C.40<\/td>\n<td>40<\/td>\n<\/tr>\n<tr>\n<td height=\"18\" align=\"right\">28<\/td>\n<td>H0m<\/td>\n<td>Le train patate du Tr\u00e9gor<\/td>\n<td>Laurent SEVENO<\/td>\n<td>44<\/td>\n<\/tr>\n<tr>\n<td height=\"18\" align=\"right\">29<\/td>\n<td>H0<\/td>\n<td>Annexe traction Ouest<\/td>\n<td>Roger AUTHIER<\/td>\n<td>53<\/td>\n<\/tr>\n<tr>\n<td height=\"18\" align=\"right\">30<\/td>\n<td>H0<\/td>\n<td>Gare de Lancerf<\/td>\n<td>Tanguy HERVE<\/td>\n<td>22<\/td>\n<\/tr>\n<tr>\n<td height=\"18\" align=\"right\">31<\/td>\n<td>On30<\/td>\n<td>The Crac&rsquo;h River Creek<\/td>\n<td>ALC56<\/td>\n<td>56<\/td>\n<\/tr>\n<tr>\n<td height=\"18\" align=\"right\">32<\/td>\n<td>On30<\/td>\n<td>The Fraggle Rock Lumber<\/td>\n<td>Fr\u00e9d\u00e9ric MORIN<\/td>\n<td>63<\/td>\n<\/tr>\n<tr>\n<td height=\"18\" align=\"right\">33<\/td>\n<td>&nbsp;II<\/td>\n<td>Un train \u00e0 grand \u00e9chelle<\/td>\n<td>Jean-Pierre MINARD<\/td>\n<td>49<\/td>\n<\/tr>\n<tr>\n<td height=\"18\" align=\"right\">34<\/td>\n<td>&nbsp;II<\/td>\n<td>Mine de charbon anim\u00e9e<\/td>\n<td>Daniel FOURNIER<\/td>\n<td>3<\/td>\n<\/tr>\n<tr>\n<td height=\"18\" align=\"right\">35<\/td>\n<td><\/td>\n<td>Simulateur de conduite<\/td>\n<td>Pierre-Yves CARDUNER<\/td>\n<td>59<\/td>\n<\/tr>\n<\/tbody>\n<\/table>\n<p>&nbsp;<\/p>\n<table width=\"527\" cellspacing=\"0\" cellpadding=\"0\" border=\"0\">\n<colgroup>\n<col width=\"25\">\n<col width=\"47\">\n<col width=\"217\">\n<col width=\"185\">\n<col width=\"53\"><\/colgroup>\n<tbody>\n<tr>\n<td width=\"25\" height=\"18\"><\/td>\n<td width=\"47\"><\/td>\n<td width=\"217\">Les artisans<\/td>\n<td width=\"185\"><\/td>\n<td width=\"53\"><\/td>\n<\/tr>\n<tr>\n<td height=\"18\" align=\"right\">36<\/td>\n<td><\/td>\n<td>Artisan<\/td>\n<td>ABE<\/td>\n<td>28<\/td>\n<\/tr>\n<tr>\n<td height=\"18\" align=\"right\">37<\/td>\n<td><\/td>\n<td>Artisan<\/td>\n<td>H.M Diffusion<\/td>\n<td>95<\/td>\n<\/tr>\n<tr>\n<td height=\"18\" align=\"right\">38<\/td>\n<td><\/td>\n<td>Artisan<\/td>\n<td>REE Modeles<\/td>\n<td>77<\/td>\n<\/tr>\n<tr>\n<td height=\"18\" align=\"right\">39<\/td>\n<td><\/td>\n<td>Artisan<\/td>\n<td>CJ MODEL&rsquo;S<\/td>\n<td>8<\/td>\n<\/tr>\n<tr>\n<td height=\"35\"><\/td>\n<td><\/td>\n<td><\/td>\n<td><\/td>\n<td><\/td>\n<\/tr>\n<tr>\n<td height=\"18\"><\/td>\n<td><\/td>\n<td>Les professionnels<\/td>\n<td><\/td>\n<td><\/td>\n<\/tr>\n<tr>\n<td height=\"18\" align=\"right\">40<\/td>\n<td><\/td>\n<td>Vendeur<\/td>\n<td>Paradis des Passions<\/td>\n<td>56<\/td>\n<\/tr>\n<tr>\n<td height=\"18\" align=\"right\">41<\/td>\n<td><\/td>\n<td>Vendeur<\/td>\n<td>Multirex<\/td>\n<td>44<\/td>\n<\/tr>\n<tr>\n<td height=\"18\" align=\"right\">42<\/td>\n<td><\/td>\n<td>Vendeur<\/td>\n<td>Star Boutique<\/td>\n<td>89\/76<\/td>\n<\/tr>\n<tr>\n<td height=\"18\" align=\"right\">43<\/td>\n<td><\/td>\n<td>Vendeur<\/td>\n<td>Nicole Mercier<\/td>\n<td>26<\/td>\n<\/tr>\n<tr>\n<td height=\"18\" align=\"right\">44<\/td>\n<td><\/td>\n<td>Vendeur<\/td>\n<td>Jouets en vrac<\/td>\n<td>27<\/td>\n<\/tr>\n<tr>\n<td height=\"18\" align=\"right\">45<\/td>\n<td><\/td>\n<td>Vendeur<\/td>\n<td>Architecture &amp; Passion<\/td>\n<td>35<\/td>\n<\/tr>\n<tr>\n<td height=\"18\" align=\"right\">46<\/td>\n<td><\/td>\n<td>Vendeur<\/td>\n<td>JMR<\/td>\n<td>49<\/td>\n<\/tr>\n<tr>\n<td height=\"18\" align=\"right\">47<\/td>\n<td><\/td>\n<td>Vendeur<\/td>\n<td>L&rsquo;Omnibus<\/td>\n<td>35<\/td>\n<\/tr>\n<tr>\n<td height=\"18\" align=\"right\">48<\/td>\n<td><\/td>\n<td>Vendeur<\/td>\n<td>Boutique Train<\/td>\n<td>56<\/td>\n<\/tr>\n<tr>\n<td height=\"18\"><\/td>\n<td><\/td>\n<td><\/td>\n<td><\/td>\n<td><\/td>\n<\/tr>\n<tr>\n<td height=\"18\"><\/td>\n<td><\/td>\n<td>les boursiers<\/td>\n<td><\/td>\n<td><\/td>\n<\/tr>\n<tr>\n<td height=\"18\" align=\"right\">49<\/td>\n<td><\/td>\n<td>Boursier<\/td>\n<td>Alain Pialat<\/td>\n<td>44<\/td>\n<\/tr>\n<tr>\n<td height=\"17\" align=\"right\">50<\/td>\n<td><\/td>\n<td>Boursier<\/td>\n<td>Laurent Poujoula<\/td>\n<td>44<\/td>\n<\/tr>\n<tr>\n<td height=\"18\" align=\"right\">51<\/td>\n<td><\/td>\n<td>Boursier<\/td>\n<td>Martine TORTELIER<\/td>\n<td>44<\/td>\n<\/tr>\n<tr>\n<td height=\"18\"><\/td>\n<td><\/td>\n<td><\/td>\n<td><\/td>\n<td><\/td>\n<\/tr>\n<tr>\n<td height=\"18\"><\/td>\n<td><\/td>\n<td>Les trains touristiques<\/td>\n<td><\/td>\n<td><\/td>\n<\/tr>\n<tr>\n<td height=\"18\" align=\"right\">52<\/td>\n<td><\/td>\n<td>Train touristique<\/td>\n<td>AAPA<\/td>\n<td>49<\/td>\n<\/tr>\n<tr>\n<td height=\"18\" align=\"right\">53<\/td>\n<td><\/td>\n<td>Train touristique<\/td>\n<td>V\u00e9lo Rail de St Loup du Gast<\/td>\n<td>53<\/td>\n<\/tr>\n<\/tbody>\n<\/table>\n<p>&nbsp;<\/p>\n<h4 style=\"text-align: center;\"><\/h4>\n<h4 style=\"text-align: center;\"><\/h4>\n<h4 style=\"text-align: center;\"><\/h4>\n<h4 style=\"text-align: center;\"><\/h4>\n<p>&nbsp;<\/p>\n<p>&nbsp;<\/p>\n<h4 style=\"text-align: center;\"><\/h4>\n<p>&nbsp;<\/p>\n<p>&nbsp;<\/p>\n<p>&nbsp;<\/p>\n<p>&nbsp;<\/p>\n<p>&nbsp;<\/p>\n<p>&nbsp;<\/p>\n<p>&nbsp;<\/p>\n","protected":false},"excerpt":{"rendered":"\n<p>Apr\u00e8s le succ\u00e8s du salon \u00ab&nbsp;Laval f\u00eate le Train&nbsp;\u00bb en 2011, L\u2019Association des Mod\u00e9listes Ferroviaires de la Mayenne (AMFM) a organis\u00e9, pour la 2\u00e9me \u00e9dition, le Salon du Train<\/p>\n<p>Miniature 2013.<\/p>\n<\/p>\n<p>Cette manifestation, l\u2019une des plus grandes de l\u2019Ouest, s&rsquo;est tenue \u00e0 la salle polyvalente, place de Herc\u00e9 \u00e0 Laval, les samedi 14 [&#8230;]<\/p>\n","protected":false},"author":3,"featured_media":0,"parent":8,"menu_order":8,"comment_status":"closed","ping_status":"closed","template":"","meta":{"footnotes":""},"class_list":["post-721","page","type-page","status-publish","hentry","odd"],"_links":{"self":[{"href":"https:\/\/www.amfm53.org\/index.php?rest_route=\/wp\/v2\/pages\/721","targetHints":{"allow":["GET"]}}],"collection":[{"href":"https:\/\/www.amfm53.org\/index.php?rest_route=\/wp\/v2\/pages"}],"about":[{"href":"https:\/\/www.amfm53.org\/index.php?rest_route=\/wp\/v2\/types\/page"}],"author":[{"embeddable":true,"href":"https:\/\/www.amfm53.org\/index.php?rest_route=\/wp\/v2\/users\/3"}],"replies":[{"embeddable":true,"href":"https:\/\/www.amfm53.org\/index.php?rest_route=%2Fwp%2Fv2%2Fcomments&post=721"}],"version-history":[{"count":53,"href":"https:\/\/www.amfm53.org\/index.php?rest_route=\/wp\/v2\/pages\/721\/revisions"}],"predecessor-version":[{"id":1750,"href":"https:\/\/www.amfm53.org\/index.php?rest_route=\/wp\/v2\/pages\/721\/revisions\/1750"}],"up":[{"embeddable":true,"href":"https:\/\/www.amfm53.org\/index.php?rest_route=\/wp\/v2\/pages\/8"}],"wp:attachment":[{"href":"https:\/\/www.amfm53.org\/index.php?rest_route=%2Fwp%2Fv2%2Fmedia&parent=721"}],"curies":[{"name":"wp","href":"https:\/\/api.w.org\/{rel}","templated":true}]}}