{"id":185,"date":"2010-09-07T20:31:23","date_gmt":"2010-09-07T20:31:23","guid":{"rendered":"http:\/\/www.amfm53.org\/?page_id=185"},"modified":"2024-01-22T20:13:06","modified_gmt":"2024-01-22T20:13:06","slug":"contacts","status":"publish","type":"page","link":"https:\/\/www.amfm53.org\/?page_id=185","title":{"rendered":"Contacts &#8211; cotisation"},"content":{"rendered":"<p>Pr\u00e9sident :<\/p>\n<p>Bruno LAFON<\/p>\n<p>Email : \u00a0<a href=\"mailto:contact@amfm53.org\">contact@amfm53.org<\/a><\/p>\n<p>T\u00e9l : 07 64 56 28 11<\/p>\n\n\n<h2 class=\"wp-block-heading\">Cotisation annuelle<\/h2>\n\n\n\n<p>Elle est fix\u00e9e lors de l&rsquo;assembl\u00e9e g\u00e9n\u00e9rale<\/p>\n\n\n\n<p>tarif normal : 35 euros<\/p>\n\n\n\n<p>tarif r\u00e9duit : 20 euros pour les jeunes jusqu&rsquo;\u00e0 18 ans et \u00e0 partir du 2\u00e8me membre d&rsquo;une famille.<\/p>\n","protected":false},"excerpt":{"rendered":"<p>Pr\u00e9sident :<\/p>\n<p>Bruno LAFON<\/p>\n<p>Email : contact@amfm53.org<\/p>\n<p>T\u00e9l : 07 64 56 28 11<\/p>\n<p> Cotisation annuelle <\/p>\n<p>Elle est fix\u00e9e lors de l&rsquo;assembl\u00e9e g\u00e9n\u00e9rale<\/p>\n<p>tarif normal : 35 euros<\/p>\n<p>tarif r\u00e9duit : 20 euros pour les jeunes jusqu&rsquo;\u00e0 18 ans et \u00e0 partir du 2\u00e8me membre d&rsquo;une famille.<\/p>\n<p> [&#8230;]<\/p>\n","protected":false},"author":3,"featured_media":0,"parent":13,"menu_order":1,"comment_status":"closed","ping_status":"closed","template":"","meta":{"footnotes":""},"class_list":["post-185","page","type-page","status-publish","hentry","odd"],"_links":{"self":[{"href":"https:\/\/www.amfm53.org\/index.php?rest_route=\/wp\/v2\/pages\/185","targetHints":{"allow":["GET"]}}],"collection":[{"href":"https:\/\/www.amfm53.org\/index.php?rest_route=\/wp\/v2\/pages"}],"about":[{"href":"https:\/\/www.amfm53.org\/index.php?rest_route=\/wp\/v2\/types\/page"}],"author":[{"embeddable":true,"href":"https:\/\/www.amfm53.org\/index.php?rest_route=\/wp\/v2\/users\/3"}],"replies":[{"embeddable":true,"href":"https:\/\/www.amfm53.org\/index.php?rest_route=%2Fwp%2Fv2%2Fcomments&post=185"}],"version-history":[{"count":13,"href":"https:\/\/www.amfm53.org\/index.php?rest_route=\/wp\/v2\/pages\/185\/revisions"}],"predecessor-version":[{"id":1868,"href":"https:\/\/www.amfm53.org\/index.php?rest_route=\/wp\/v2\/pages\/185\/revisions\/1868"}],"up":[{"embeddable":true,"href":"https:\/\/www.amfm53.org\/index.php?rest_route=\/wp\/v2\/pages\/13"}],"wp:attachment":[{"href":"https:\/\/www.amfm53.org\/index.php?rest_route=%2Fwp%2Fv2%2Fmedia&parent=185"}],"curies":[{"name":"wp","href":"https:\/\/api.w.org\/{rel}","templated":true}]}}