{"id":1049,"date":"2015-09-29T18:12:13","date_gmt":"2015-09-29T18:12:13","guid":{"rendered":"http:\/\/www.amfm53.org\/?page_id=1049"},"modified":"2026-03-11T20:20:35","modified_gmt":"2026-03-11T20:20:35","slug":"salon-du-train-miniature-2016","status":"publish","type":"page","link":"https:\/\/www.amfm53.org\/?page_id=1049","title":{"rendered":"Salon du train miniature 2016"},"content":{"rendered":"<p><a href=\"http:\/\/www.amfm53.org\/wp-content\/uploads\/2016\/05\/Affiche-2016-Logos.jpg\"><img loading=\"lazy\" decoding=\"async\" class=\"alignleft wp-image-1136 \" src=\"http:\/\/www.amfm53.org\/wp-content\/uploads\/2016\/05\/Affiche-2016-Logos.jpg\" alt=\"\" width=\"344\" height=\"487\" srcset=\"https:\/\/www.amfm53.org\/wp-content\/uploads\/2016\/05\/Affiche-2016-Logos.jpg 987w, https:\/\/www.amfm53.org\/wp-content\/uploads\/2016\/05\/Affiche-2016-Logos-212x300.jpg 212w, https:\/\/www.amfm53.org\/wp-content\/uploads\/2016\/05\/Affiche-2016-Logos-724x1024.jpg 724w, https:\/\/www.amfm53.org\/wp-content\/uploads\/2016\/05\/Affiche-2016-Logos-106x150.jpg 106w, https:\/\/www.amfm53.org\/wp-content\/uploads\/2016\/05\/Affiche-2016-Logos-400x566.jpg 400w\" sizes=\"auto, (max-width: 344px) 100vw, 344px\" \/><\/a><\/p>\n<p><a href=\"https:\/\/www.facebook.com\/salonAMFM2016\" target=\"_blank\" rel=\"noopener\">&#8211;&gt; Retrouvez le salon sur Facebook<\/a><\/p>\n<p>Merci \u00e0 nos partenaires :<\/p>\n<p><a href=\"http:\/\/www.lamayenne.fr\/\" target=\"_blank\" rel=\"noopener\"><img loading=\"lazy\" decoding=\"async\" class=\"wp-image-1106 alignleft\" src=\"http:\/\/www.amfm53.org\/wp-content\/uploads\/2015\/09\/La_Mayenne_le_Departement_CMJN.png\" alt=\"La_Mayenne_le_Departement_CMJN\" width=\"151\" height=\"95\" srcset=\"https:\/\/www.amfm53.org\/wp-content\/uploads\/2015\/09\/La_Mayenne_le_Departement_CMJN.png 3236w, https:\/\/www.amfm53.org\/wp-content\/uploads\/2015\/09\/La_Mayenne_le_Departement_CMJN-300x189.png 300w, https:\/\/www.amfm53.org\/wp-content\/uploads\/2015\/09\/La_Mayenne_le_Departement_CMJN-1024x645.png 1024w, https:\/\/www.amfm53.org\/wp-content\/uploads\/2015\/09\/La_Mayenne_le_Departement_CMJN-150x94.png 150w, https:\/\/www.amfm53.org\/wp-content\/uploads\/2015\/09\/La_Mayenne_le_Departement_CMJN-400x252.png 400w\" sizes=\"auto, (max-width: 151px) 100vw, 151px\" \/><\/a><a href=\"http:\/\/www.laval.fr\/siteville\/\" target=\"_blank\" rel=\"noopener\"><img loading=\"lazy\" decoding=\"async\" class=\"wp-image-470 alignright\" src=\"http:\/\/www.amfm53.org\/wp-content\/uploads\/2010\/11\/Logo_laval_.jpg\" alt=\"Logo_laval_\" width=\"164\" height=\"74\" srcset=\"https:\/\/www.amfm53.org\/wp-content\/uploads\/2010\/11\/Logo_laval_.jpg 329w, https:\/\/www.amfm53.org\/wp-content\/uploads\/2010\/11\/Logo_laval_-300x134.jpg 300w, https:\/\/www.amfm53.org\/wp-content\/uploads\/2010\/11\/Logo_laval_-150x67.jpg 150w\" sizes=\"auto, (max-width: 164px) 100vw, 164px\" \/><\/a><\/p>\n<p><a href=\"http:\/\/www.amfm53.org\/wp-content\/uploads\/2015\/09\/logo_bpl-eiffage.jpg\"><img loading=\"lazy\" decoding=\"async\" class=\"wp-image-1141 size-full alignright\" src=\"http:\/\/www.amfm53.org\/wp-content\/uploads\/2015\/09\/logo_bpl-eiffage.jpg\" alt=\"Eiffage\" width=\"198\" height=\"67\" srcset=\"https:\/\/www.amfm53.org\/wp-content\/uploads\/2015\/09\/logo_bpl-eiffage.jpg 198w, https:\/\/www.amfm53.org\/wp-content\/uploads\/2015\/09\/logo_bpl-eiffage-150x51.jpg 150w\" sizes=\"auto, (max-width: 198px) 100vw, 198px\" \/><\/a><\/p>\n<p><a href=\"http:\/\/www.amfm53.org\/wp-content\/uploads\/2010\/11\/logo_france_bleu_mayenne.jpg\"><img loading=\"lazy\" decoding=\"async\" class=\"wp-image-299 alignnone\" src=\"http:\/\/www.amfm53.org\/wp-content\/uploads\/2010\/11\/logo_france_bleu_mayenne-150x150.jpg\" alt=\"logo_france_bleu_mayenne\" width=\"109\" height=\"109\"><\/a><\/p>\n<p>&nbsp;<\/p>\n<p><a href=\"http:\/\/www.amfm53.org\/wp-content\/uploads\/2015\/09\/logo-mgc-viamut.png\"><img loading=\"lazy\" decoding=\"async\" class=\"size-full wp-image-1118 alignleft\" src=\"http:\/\/www.amfm53.org\/wp-content\/uploads\/2015\/09\/logo-mgc-viamut.png\" alt=\"logo-mgc-viamut\" width=\"104\" height=\"122\"><\/a><a href=\"http:\/\/www.amfm53.org\/wp-content\/uploads\/2015\/09\/logo-fasthotel.png\"><img loading=\"lazy\" decoding=\"async\" class=\"alignnone wp-image-1169 \" src=\"http:\/\/www.amfm53.org\/wp-content\/uploads\/2015\/09\/logo-fasthotel.png\" alt=\"logo-fasthotel\" width=\"126\" height=\"59\" srcset=\"https:\/\/www.amfm53.org\/wp-content\/uploads\/2015\/09\/logo-fasthotel.png 363w, https:\/\/www.amfm53.org\/wp-content\/uploads\/2015\/09\/logo-fasthotel-300x140.png 300w, https:\/\/www.amfm53.org\/wp-content\/uploads\/2015\/09\/logo-fasthotel-150x70.png 150w\" sizes=\"auto, (max-width: 126px) 100vw, 126px\" \/><\/a><\/p>\n<p><a href=\"http:\/\/www.amfm53.org\/wp-content\/uploads\/2015\/09\/logo-Courrier-mayenne.jpg\"><img loading=\"lazy\" decoding=\"async\" class=\"wp-image-1207 alignright\" src=\"http:\/\/www.amfm53.org\/wp-content\/uploads\/2015\/09\/logo-Courrier-mayenne.jpg\" alt=\"logo-courrier-mayenne\" width=\"303\" height=\"73\" srcset=\"https:\/\/www.amfm53.org\/wp-content\/uploads\/2015\/09\/logo-Courrier-mayenne.jpg 3445w, https:\/\/www.amfm53.org\/wp-content\/uploads\/2015\/09\/logo-Courrier-mayenne-300x72.jpg 300w, https:\/\/www.amfm53.org\/wp-content\/uploads\/2015\/09\/logo-Courrier-mayenne-1024x246.jpg 1024w, https:\/\/www.amfm53.org\/wp-content\/uploads\/2015\/09\/logo-Courrier-mayenne-150x36.jpg 150w, https:\/\/www.amfm53.org\/wp-content\/uploads\/2015\/09\/logo-Courrier-mayenne-400x96.jpg 400w\" sizes=\"auto, (max-width: 303px) 100vw, 303px\" \/><\/a><\/p>\n<p>&nbsp;<\/p>\n<p>&nbsp;<\/p>\n<p>&nbsp;<\/p>\n<p>Toutes les Informations Pratiques sont accessibles <span style=\"color: #0000ff;\"><a style=\"color: #0000ff;\" href=\"http:\/\/www.amfm53.org\/?page_id=1147\">ici<\/a><\/span>.<\/p>\n<p>Les r\u00e9seaux et les exposants sont <span style=\"color: #0000ff;\"><a style=\"color: #0000ff;\" href=\"http:\/\/www.amfm53.org\/?page_id=1153\">ici<\/a><\/span>.<\/p>\n<p>Vous souhaitez devenir partenaire et nous apporter votre soutien. Nous sommes int\u00e9ress\u00e9s !<\/p>\n<p>Nous pourrons publier votre logo sur nos diff\u00e9rents supports de communication de l&rsquo;affiche aux livrets remis aux visiteurs (4000 lors de la pr\u00e9c\u00e9dente \u00e9dition) en passant par ce site internet.<\/p>\n<p>Pour toutes informations, contactez-nous : <a href=\"mailto:contact@amfm53.org\">contact@amfm53.org<\/a><\/p>\n","protected":false},"excerpt":{"rendered":"<\/p>\n<p>&#8211;&gt; Retrouvez le salon sur Facebook<\/p>\n<p>Merci \u00e0 nos partenaires :<\/p>\n<\/p>\n<\/p>\n<p>&nbsp;<\/p>\n<\/p>\n<p>&nbsp;<\/p>\n<p>&nbsp;<\/p>\n<p>&nbsp;<\/p>\n<p>Toutes les Informations Pratiques sont accessibles ici.<\/p>\n<p>Les r\u00e9seaux et les exposants sont ici.<\/p>\n<p>Vous souhaitez devenir partenaire et nous apporter votre soutien. Nous sommes int\u00e9ress\u00e9s !<\/p>\n<p>Nous pourrons publier votre logo sur nos [&#8230;]<\/p>\n","protected":false},"author":4,"featured_media":0,"parent":8,"menu_order":7,"comment_status":"closed","ping_status":"closed","template":"","meta":{"footnotes":""},"class_list":["post-1049","page","type-page","status-publish","hentry","odd"],"_links":{"self":[{"href":"https:\/\/www.amfm53.org\/index.php?rest_route=\/wp\/v2\/pages\/1049","targetHints":{"allow":["GET"]}}],"collection":[{"href":"https:\/\/www.amfm53.org\/index.php?rest_route=\/wp\/v2\/pages"}],"about":[{"href":"https:\/\/www.amfm53.org\/index.php?rest_route=\/wp\/v2\/types\/page"}],"author":[{"embeddable":true,"href":"https:\/\/www.amfm53.org\/index.php?rest_route=\/wp\/v2\/users\/4"}],"replies":[{"embeddable":true,"href":"https:\/\/www.amfm53.org\/index.php?rest_route=%2Fwp%2Fv2%2Fcomments&post=1049"}],"version-history":[{"count":29,"href":"https:\/\/www.amfm53.org\/index.php?rest_route=\/wp\/v2\/pages\/1049\/revisions"}],"predecessor-version":[{"id":1820,"href":"https:\/\/www.amfm53.org\/index.php?rest_route=\/wp\/v2\/pages\/1049\/revisions\/1820"}],"up":[{"embeddable":true,"href":"https:\/\/www.amfm53.org\/index.php?rest_route=\/wp\/v2\/pages\/8"}],"wp:attachment":[{"href":"https:\/\/www.amfm53.org\/index.php?rest_route=%2Fwp%2Fv2%2Fmedia&parent=1049"}],"curies":[{"name":"wp","href":"https:\/\/api.w.org\/{rel}","templated":true}]}}