{"id":172,"date":"2012-12-26T19:29:36","date_gmt":"2012-12-26T19:29:36","guid":{"rendered":"http:\/\/www.amfm53.org\/?page_id=172"},"modified":"2025-12-16T20:56:26","modified_gmt":"2025-12-16T20:56:26","slug":"calendrier-des-rencontres","status":"publish","type":"page","link":"http:\/\/www.amfm53.org\/?page_id=172","title":{"rendered":"Calendrier des rencontres"},"content":{"rendered":"\n<h2 class=\"wp-block-heading has-text-align-center\">R\u00e9unions pour l&rsquo;ann\u00e9e 2026<\/h2>\n\n\n\n<figure class=\"wp-block-table\"><table><tbody><tr><td class=\"has-text-align-center\" data-align=\"center\">sam. 10 janv.<\/td><td><\/td><td class=\"has-text-align-center\" data-align=\"center\">ven. 10 avril (VS)<\/td><td><\/td><td class=\"has-text-align-center\" data-align=\"center\">sam. 29 ao\u00fbt (VS)<\/td><td><\/td><td class=\"has-text-align-center\" data-align=\"center\">ven. 27 nov.<\/td><td><\/td><\/tr><tr><td class=\"has-text-align-center\" data-align=\"center\">ven. 16 janv.<\/td><td><\/td><td class=\"has-text-align-center\" data-align=\"center\">sam. 18 avril (VS)<\/td><td><\/td><td class=\"has-text-align-center\" data-align=\"center\">ven. 4 sept.<\/td><td><\/td><td class=\"has-text-align-center\" data-align=\"center\"><strong>sam. 5 d\u00e9c.<\/strong><\/td><td><strong>AG<\/strong><\/td><\/tr><tr><td class=\"has-text-align-center\" data-align=\"center\">sam. 24 janv.<\/td><td><\/td><td class=\"has-text-align-center\" data-align=\"center\">ven. 24 avril (VS)<\/td><td><\/td><td class=\"has-text-align-center\" data-align=\"center\">sam. 12 sept. (CA)<\/td><td><\/td><td class=\"has-text-align-center\" data-align=\"center\">ven. 11 d\u00e9c.<\/td><td><\/td><\/tr><tr><td class=\"has-text-align-center\" data-align=\"center\">ven. 30 janv.<\/td><td><\/td><td class=\"has-text-align-center\" data-align=\"center\">sam. 2 mai<\/td><td><\/td><td class=\"has-text-align-center\" data-align=\"center\">ven. 18 sept.<\/td><td><\/td><td class=\"has-text-align-center\" data-align=\"center\">sam. 19 d\u00e9c.<\/td><td><\/td><\/tr><tr><td class=\"has-text-align-center\" data-align=\"center\">sam. 7 f\u00e9vr.<\/td><td><\/td><td class=\"has-text-align-center\" data-align=\"center\">ven. 15 mai<\/td><td><\/td><td class=\"has-text-align-center\" data-align=\"center\">sam. 26 sept.<\/td><td><\/td><td class=\"has-text-align-center\" data-align=\"center\"><\/td><td><\/td><\/tr><tr><td class=\"has-text-align-center\" data-align=\"center\">ven. 13 f\u00e9vr. (VS)<\/td><td><\/td><td class=\"has-text-align-center\" data-align=\"center\">sam. 23 mai<\/td><td><\/td><td class=\"has-text-align-center\" data-align=\"center\">ven. 2 oct.<\/td><td><\/td><td class=\"has-text-align-center\" data-align=\"center\"><\/td><td><\/td><\/tr><tr><td class=\"has-text-align-center\" data-align=\"center\">sam. 21 f\u00e9vr. (VS)<\/td><td><\/td><td class=\"has-text-align-center\" data-align=\"center\">ven. 29 mai<\/td><td><\/td><td class=\"has-text-align-center\" data-align=\"center\">sam. 10 oct.<\/td><td><\/td><td class=\"has-text-align-center\" data-align=\"center\"><strong>2027<\/strong><\/td><td><\/td><\/tr><tr><td class=\"has-text-align-center\" data-align=\"center\">ven. 27 f\u00e9vr. (VS)<\/td><td><\/td><td class=\"has-text-align-center\" data-align=\"center\">sam. 6 juin (CA)<\/td><td><\/td><td class=\"has-text-align-center\" data-align=\"center\">ven. 16 oct. (VS)<\/td><td><\/td><td class=\"has-text-align-center\" data-align=\"center\">sam. 9 janv.<\/td><td><\/td><\/tr><tr><td class=\"has-text-align-center\" data-align=\"center\">sam. 7 mars (CA)<\/td><td><\/td><td class=\"has-text-align-center\" data-align=\"center\">ven. 12 juin<\/td><td><\/td><td class=\"has-text-align-center\" data-align=\"center\">sam. 24 oct. (VS)<\/td><td><\/td><td class=\"has-text-align-center\" data-align=\"center\">ven. 15 janv.<\/td><td><\/td><\/tr><tr><td class=\"has-text-align-center\" data-align=\"center\">ven. 13 mars<\/td><td><\/td><td class=\"has-text-align-center\" data-align=\"center\">sam. 20 juin<\/td><td><\/td><td class=\"has-text-align-center\" data-align=\"center\">ven. 30 oct. (VS)<\/td><td><\/td><td class=\"has-text-align-center\" data-align=\"center\">sam. 23 janv.<\/td><td><\/td><\/tr><tr><td class=\"has-text-align-center\" data-align=\"center\">sam. 21 mars<\/td><td><\/td><td class=\"has-text-align-center\" data-align=\"center\">ven. 26 juin<\/td><td><\/td><td class=\"has-text-align-center\" data-align=\"center\">sam. 7 nov.<\/td><td><\/td><td class=\"has-text-align-center\" data-align=\"center\">ven. 29 janv.<\/td><td><\/td><\/tr><tr><td class=\"has-text-align-center\" data-align=\"center\">ven. 27 mars<\/td><td><\/td><td class=\"has-text-align-center\" data-align=\"center\">sam. 4 juil. (VS)<\/td><td><\/td><td class=\"has-text-align-center\" data-align=\"center\">ven. 13 nov.<\/td><td><\/td><td class=\"has-text-align-center\" data-align=\"center\"><\/td><td><\/td><\/tr><tr><td class=\"has-text-align-center\" data-align=\"center\">sam. 4 avril<\/td><td><\/td><td class=\"has-text-align-center\" data-align=\"center\"><\/td><td><\/td><td class=\"has-text-align-center\" data-align=\"center\">sam. 21 nov. (CA)<\/td><td><\/td><td class=\"has-text-align-center\" data-align=\"center\"><\/td><td><\/td><\/tr><\/tbody><\/table><\/figure>\n\n\n\n<p class=\"has-text-align-center\"><strong style=\"font-size: inherit;\">Les r\u00e9unions ont lieu :<\/strong><\/p>\n\n\n\n<p><strong>&#8211; le vendredi de 20 h \u00e0 22 h 15<br>&#8211; le samedi de 14 h \u00e0 18 h<\/strong><\/p>\n\n\n\n<p>CA : Conseil d&rsquo;Administration : les r\u00e9unions auront lieu les jours indiqu\u00e9s \u00e0 la SCOMAM sauf information contraire<\/p>\n\n\n\n<p class=\"has-black-color has-text-color has-link-color wp-elements-8fe8d98b404affbd7b706a78e3166166\">Apr\u00e8s-midi Cr\u00eapes : Dimanche 1er f\u00e9vrier 2026 \u00e0 15 h <strong>(date \u00e0 confirmer)<\/strong><br>Maison de quartier d&rsquo;Hilard<\/p>\n\n\n\n<p class=\"has-vivid-green-cyan-color has-text-color has-link-color wp-elements-f1094f790416746ad340e161c13b0c2d\"><strong>Calendrier au format pdf<\/strong> <strong>bient\u00f4t disponible<\/strong> &#8211; <a href=\"http:\/\/www.amfm53.org\/wp-content\/uploads\/2025\/03\/calendrier-2025-AMFM-V3.pdf\" data-type=\"attachment\" data-id=\"1893\">pour 2025 cliquez ici<\/a><\/p>\n\n\n\n<p><\/p>\n\n\n\n<p><\/p>\n","protected":false},"excerpt":{"rendered":"<p> R\u00e9unions pour l&rsquo;ann\u00e9e 2026 sam. 10 janv.ven. 10 avril (VS)sam. 29 ao\u00fbt (VS)ven. 27 nov.ven. 16 janv.sam. 18 avril (VS)ven. 4 sept.sam. 5 d\u00e9c.AGsam. 24 janv.ven. 24 avril (VS)sam. 12 sept. (CA)ven. 11 d\u00e9c.ven. 30 janv.sam. 2 maiven. 18 sept.sam. 19 d\u00e9c.sam. 7 f\u00e9vr.ven. 15 maisam. 26 sept.ven. 13 f\u00e9vr. (VS)sam. 23 maiven. 2 [&#8230;]<\/p>\n","protected":false},"author":4,"featured_media":0,"parent":8,"menu_order":0,"comment_status":"closed","ping_status":"closed","template":"","meta":{"footnotes":""},"class_list":["post-172","page","type-page","status-publish","hentry","odd"],"_links":{"self":[{"href":"http:\/\/www.amfm53.org\/index.php?rest_route=\/wp\/v2\/pages\/172","targetHints":{"allow":["GET"]}}],"collection":[{"href":"http:\/\/www.amfm53.org\/index.php?rest_route=\/wp\/v2\/pages"}],"about":[{"href":"http:\/\/www.amfm53.org\/index.php?rest_route=\/wp\/v2\/types\/page"}],"author":[{"embeddable":true,"href":"http:\/\/www.amfm53.org\/index.php?rest_route=\/wp\/v2\/users\/4"}],"replies":[{"embeddable":true,"href":"http:\/\/www.amfm53.org\/index.php?rest_route=%2Fwp%2Fv2%2Fcomments&post=172"}],"version-history":[{"count":65,"href":"http:\/\/www.amfm53.org\/index.php?rest_route=\/wp\/v2\/pages\/172\/revisions"}],"predecessor-version":[{"id":1901,"href":"http:\/\/www.amfm53.org\/index.php?rest_route=\/wp\/v2\/pages\/172\/revisions\/1901"}],"up":[{"embeddable":true,"href":"http:\/\/www.amfm53.org\/index.php?rest_route=\/wp\/v2\/pages\/8"}],"wp:attachment":[{"href":"http:\/\/www.amfm53.org\/index.php?rest_route=%2Fwp%2Fv2%2Fmedia&parent=172"}],"curies":[{"name":"wp","href":"https:\/\/api.w.org\/{rel}","templated":true}]}}